j?
17
Let p(x) = 3*x**2 + 15*x + 5. Suppose -3*v + 2*v = 7. Let s be p(v). Suppose -3*n = -s - 7. List the prime factors of n.
2, 3
Let s(w) = 12*w**2 + 60*w + 183. What are the prime factors of s(-15)?
3, 661
Suppose h = 21 + 63. Let o = 139 - h. What are the prime factors of o?
5, 11
Let x(i) = -49*i**3 + 2*i**2 - 2*i + 1. Let m be x(1). Let z be ((-2)/4)/((-6)/m). List the prime factors of z/3*(-15)/10.
2
Suppose 5*d = -0*d + n + 112, 3*n - 55 = -2*d. Let p = 63 + d. What are the prime factors of p?
2, 43
Let v be 3 + 0 + 189 + 2 + -4. Suppose v = 2*d + 20. List the prime factors of d.
5, 17
Suppose 7*q = 3*q + 320. Let n(j) = j**3 - 5*j**2 - j + 7. Let l be n(5). Suppose -3*b = l*b - q. What are the prime factors of b?
2
Let g = -164 - -1874. List the prime factors of g.
2, 3, 5, 19
Suppose -o = -5, -5*j - o + 190 = o. Let x = j - 17. Let u = x - 15. What are the prime factors of u?
2
Suppose -3384 = -11*m + 2204. What are the prime factors of m?
2, 127
Let v(z) be the second derivative of -z**3/3 + 4*z**2 - 6*z. Let j be v(-9). Suppose b - 3 = j. List the prime factors of b.
29
Let n = 117 - -501. Suppose 2*v = -3*r - 148 + 565, 3*r = -3*v + n. List the prime factors of v.
3, 67
Suppose 9*t - 400 = -t. Let f = t - 29. List the prime factors of f.
11
Suppose -2*f = 5*l - 3, l = -3*f - 2*l - 18. Let q = f + 73. List the prime factors of q.
2, 31
Let s(p) = p**3 - 4*p**2 + 5. Let c be s(4). Suppose 3*t + 69 = w, 2*w + 0*w - 135 = c*t. List the prime factors of (w - 0) + (-5 - -2).
3, 19
Let y be (-693)/6*(0 + -4). Suppose 0 = -3*o + y - 114. List the prime factors of o.
2, 29
Let k be 12*45/((-6)/2). Let a = k - -359. What are the prime factors of a?
179
Let j be 494/10 + 33/55. Suppose -116*a = -118*a + j. What are the prime factors of a?
5
Let c(w) = 1263*w**2 - 11*w + 11. List the prime factors of c(1).
3, 421
Suppose 291 = -5*i + 21. Let b = i - -125. What are the prime factors of b?
71
Let s(d) = 5*d**2 - 5*d + 5. Let b be s(3). Let x = 69 - b. List the prime factors of x.
2, 17
Let j = -20 + 22. Suppose 6*b + 644 = 5*r + j*b, -2*r + 284 = 5*b. What are the prime factors of r?
2, 3, 11
Let k be (-246)/(-9) - (-4)/6. Suppose 0 = -2*o - 3*v + 135, -4*v + 140 = 2*o - 0*o. Let s = o - k. What are the prime factors of s?
2
Suppose -5*j + 215 = -675. Let s = -108 + j. What are the prime factors of s?
2, 5, 7
Suppose -5*w + p - 12 = -57, w + 5*p - 9 = 0. Suppose -2*x = 8, m - 3*x - 5 = w. Suppose m*j + 50 = 7*j. List the prime factors of j.
2, 5
Suppose -12214 = -2456*j + 2454*j. What are the prime factors of j?
31, 197
Let f(z) = z**3 - z**2 + 14. Let x be f(-5). Let v = 311 + x. Suppose 4*a = -a + v. List the prime factors of a.
5, 7
Let m be (-9)/(-15) + 133*(-38)/(-10). Suppose -19 - m = -5*d. List the prime factors of d.
3, 5, 7
Let a(m) = -5 + 0 - m**3 - 4*m**3 - 36*m + 33*m. What are the prime factors of a(-2)?
41
Let p(r) = 4*r - 8. Let z be p(6). Suppose -f = -2*q - 7, -4*q - z - 13 = -5*f. Suppose -5*v + 195 = f*n, -n + 4 = -0*n. What are the prime factors of v?
5, 7
Let n(q) = q + 12. Let w be n(-7). Let h(z) = -z**2 + 12*z - 1. What are the prime factors of h(w)?
2, 17
Let z = 13 + -10. Suppose 3*n - 3 + 6 = 0, z*y = -3*n + 9. What are the prime factors of (-39)/(-3) + (y - 3)?
2, 7
Suppose 3*j = 22 - 7. Suppose -j*q + 13 - 5 = 2*y, -5*y + q = -74. What are the prime factors of 4/28 - (-54)/y?
2
Let k = -67 + 55. Let p(q) = -q**3 - 13*q**2 - 15*q - 23. List the prime factors of p(k).
13
Let l = -391 - -31. Let i = -193 - l. What are the prime factors of i?
167
Let j(z) = -4*z**2 - z - 9*z**3 + 0*z**3 + 10*z**3 + 5. Let f = -2 - -7. What are the prime factors of j(f)?
5
Let k = 522 + 305. What are the prime factors of k?
827
Let s be (-9)/(-54) - (-35)/6. Suppose -4*x - 2 = 2*b, x = 3*b - s - 5. Suppose -2*y - b*f + 45 = 0, -7*f + 3*f = -5*y + 147. What are the prime factors of y?
3
Suppose -2*x + 4*x - 3432 = 0. List the prime factors of x.
2, 3, 11, 13
Suppose 7*t - 3024 = 3*t. What are the prime factors of t?
2, 3, 7
Let f(z) = z**3 - 9*z**2 + 3. Let v = 13 + -4. Let l be f(v). Suppose 2*n = l*n - 9. What are the prime factors of n?
3
Let b(h) = -2*h**3 + 2*h. Suppose 4*r + 3*f = -15, 2*r - 5*f - 20 = 7*r. List the prime factors of b(r).
2, 3
Let r(n) = 45*n - 18. List the prime factors of r(9).
3, 43
Let t = -149 - -454. Suppose 0 = 4*j - 2*y - 942, 2*j - 181 = -2*y + t. What are the prime factors of j?
2, 7, 17
Suppose -13*r + 3607 - 227 = 0. List the prime factors of r.
2, 5, 13
Let b = 2409 + -1157. List the prime factors of b.
2, 313
Let h = 31 - 2. What are the prime factors of 2 + (h + -4 - -1)?
2, 7
Suppose -2*f + 11 = t, 1 = -0*t - t + 2*f. Suppose -4*q = -t*z + 101, -z - q - 38 = -3*z. List the prime factors of z.
17
Let w(f) = -35*f + 15. Let k(x) = -18*x + 8. Let z(g) = -9*k(g) + 4*w(g). What are the prime factors of z(4)?
2, 19
Suppose -2*p + 914 = -1336. What are the prime factors of p?
3, 5
Let r(x) = 173*x + 2. Let c be r(-1). What are the prime factors of (-4)/(20/(-15)) - c?
2, 3, 29
Let y(z) = 8*z. Let s(d) = -7*d - 1. Let n(c) = 4*s(c) + 3*y(c). What are the prime factors of n(-8)?
2, 7
Let l(c) = -c**3 - 11*c**2 - 4*c - 38. Let m be l(-11). What are the prime factors of (-158)/18*-3*m?
2, 79
Suppose 2*t = -3*q + 9879, -4*t = q - 17425 - 2308. What are the prime factors of t?
2, 3, 137
Let o(x) = 2*x**3 - 5*x**2 - 3*x - 18. Let v(y) = -y**3 + 2*y**2 + y + 8. Let w(i) = 4*o(i) + 9*v(i). Let p = 4 - 7. What are the prime factors of w(p)?
2, 3
Let b = -6 + 9. Suppose -4*w + 181 = -b. What are the prime factors of w?
2, 23
Let h(o) = -o**3 + 7*o**2 + 2*o - 4. Let u be h(7). Let d = u - 4. What are the prime factors of d?
2, 3
Let u(w) = -6 + 4 - w**2 - w + 3 + 4*w**2. List the prime factors of u(-3).
31
Let d = -390 + 412. What are the prime factors of d?
2, 11
Suppose 0 = -4*l + p + 9416, 7075 = -23*l + 26*l - 4*p. What are the prime factors of l?
13, 181
Suppose 8*x + 1666 = 5*t + 7*x, -3*t - 5*x = -994. What are the prime factors of t?
3, 37
List the prime factors of ((-10)/(-40))/(1/13132).
7, 67
Let g be 15/3 - (1 + 1). Let x(p) = -8*p + 13*p - g*p + 4. List the prime factors of x(5).
2, 7
List the prime factors of (-1)/(4/1354*(-7)/14).
677
List the prime factors of 18/12*3696/7.
2, 3, 11
Let x = -30 + -2. List the prime factors of (-15)/(((-4)/8)/(x/(-12))).
2, 5
Let j(r) = r**3 - 36*r**2 - 51*r - 56. List the prime factors of j(38).
2, 3, 149
Let a(i) = 5*i**2 + 10*i - 1. List the prime factors of a(15).
2, 7, 13
Let t be (-2)/(-8) + (-7)/(-4). Let d(b) = -2*b**2 + 17*b - 10. Let i be d(3). Suppose -t*w + 19 = -i. What are the prime factors of w?
3, 7
Let r(x) = x**3 - 18*x**2 - 15*x - 84. List the prime factors of r(20).
2, 13
Suppose 2*f - 17 = -3. Suppose 5*w - f*w = -78. Let v = 75 - w. What are the prime factors of v?
2, 3
Suppose -m = -3*u - 39, 3*m - 44 = 2*m + 4*u. Suppose 4*p = p - m. List the prime factors of (63/18)/((-2)/p).
2, 7
Let n(k) = 5*k**2 + 6*k + 3. Let r be n(6). Suppose 0 = 3*l + 5*z - r, -4*l - z = 3*z - 284. Suppose 4*s + 0*s - l = 0. List the prime factors of s.
17
Let w be 140/21*6/8. Let h be (20 + 3)*(1 - 0). Suppose w*u - h = 32. What are the prime factors of u?
11
Let b(g) be the second derivative of g**4/12 - 2*g**3/3 + g**2 + 2*g. Let y(u) = 2*u - 13. Let d be y(9). What are the prime factors of b(d)?
7
Suppose -4*i + 3 = -5. Suppose -f + 13 = 2*f - i*u, 4*u + 20 = 4*f. Suppose -f*o + 82 = -o. What are the prime factors of o?
41
Let l(d) = 2*d**2 - 15*d + 160. List the prime factors of l(36).
2, 7, 79
Suppose -3*b = -2*b + 64. Let z = -22 - b. List the prime factors of z.
2, 3, 7
Suppose 4*t = 7*t. Suppose t = -4*d + 96 + 124. What are the prime factors of d?
5, 11
Suppose 39*t + 7*t - 10350 = 0. List the prime factors of t.
3, 5
Let v(u) = 19*u - 20. Let c be 2/8 - (-385)/44. List the prime factors of v(c).
151
Let s(r) = r**3 - 4*r**2 + r - 4. Let u be s(3). Let j = -8 - u. Suppose -j*l = -6*l + 12. What are the prime factors of l?
3
Let y = -17 + 19. What are the prime factors of y*(2 - 465/6)/(-1)?
151
Let x be (-8)/(-6)*(-12)/(-4). Let q(l) = 3*l**2 - 3*l - 5. Let h be q(-2). List the prime factors of x + -3 + h*2.
3
Let x be 2 - ((-3 - -3) + 2). Suppose -68 = -4*